Calculate n(y).
4
Suppose -5*y + 16 = -4. Let f(l) = -2*l + 15. Let v(w) = -8 - 2*w - w + 4*w. Let m(g) = 4*f(g) + 7*v(g). What is m(y)?
0
Let u be 54/(-24) - (-2)/8. Let z be u/(1 + (3 - 3)). Let g(i) = -1 + 3*i + 4 - 1. Give g(z).
-4
Let h = 5 - 8. Let s = h - -5. Let c(f) = -2*f**2 - s + 2*f - f**3 + 6*f**2 - 3*f. Determine c(3).
4
Let c(m) = m + 0 - 4*m + 2*m - 2. Suppose 3*w = 2*t + 4, -4*t = 4*w + 2 + 6. Calculate c(t).
0
Let r(a) = a**3 + a**2 - a + 1. Let y(p) = 2*p**3 - 6*p**2 - 3*p + 9. Let l(b) = -r(b) + y(b). Give l(7).
-6
Let p be (0/3)/(2/1). Suppose -4*s + p*s = 0. Let d(z) = -z**3 + z**2 - z. What is d(s)?
0
Let r(a) = -a**2 + 3*a. Suppose -4*t + 5*m + 14 = 6*m, 3*m + 14 = 2*t. Determine r(t).
-4
Let i(w) = w**2 - 4*w - 4. Let l be i(5). Suppose 0 = a - s - l, -2*s - 4 = -0*s. Let j(x) = 10*x**3 - 2*x**2 - 2*x - 1. Calculate j(a).
-11
Suppose 0 = o + 1 - 0. Let d(q) = -10*q**3 - q**2. Determine d(o).
9
Let b(d) = d - 23. Let r = 36 + -36. Determine b(r).
-23
Let m(z) = -9*z - 2. Let q(d) = 17*d + 5. Let n(u) = 7*m(u) + 3*q(u). Determine n(1).
-11
Suppose -4*f - 3*y - 3 = -0*f, -2*y = -5*f + 25. Let u(g) = f*g - 2*g**2 + 4*g**2 + g**3 + 90 - 87. What is u(-2)?
-3
Let m = 16 + -12. Let p(x) = x - 9. Give p(m).
-5
Let l be 6/1*(-6)/4. Let v(j) = -2*j - 11. Calculate v(l).
7
Suppose 0 = 4*a - 0*f + f + 17, 24 = -3*a - 3*f. Let z(v) = 2*v**3 - 3*v**3 - 7*v - 4*v**2 + 5*v + 2. What is z(a)?
-1
Let w(t) be the third derivative of -t**5/60 - t**4/24 + t**3/6 - 12*t**2. What is w(0)?
1
Let f(v) = -v - 3 - 2 + 2*v + 4. Let r = 11 + -15. Give f(r).
-5
Let y(h) = 3*h. Let n = -5 + 4. Let s be (3/6)/(n/(-6)). Let w = s + -4. Give y(w).
-3
Let p(c) = 4*c**3 + 11*c**2 + 6*c + 8. Let g(v) = 5*v**3 + 12*v**2 + 7*v + 8. Let j(s) = 5*g(s) - 6*p(s). What is j(6)?
-14
Suppose -4*o - 6 = -22. Suppose -i = -o + 2. Suppose -4 = -i*f - 2. Let z(b) = 3*b**2 + 2*b - 1. What is z(f)?
4
Let r(j) = -j + 1. Let g = 10 - 8. Let v be r(g). Let m(f) = -f**2 + f + 1. What is m(v)?
-1
Let v(x) = -4*x**3 - 8. Let l(t) = 5*t**3 + 9. Let q(y) = 5*l(y) + 6*v(y). Suppose -2*h = -h. Give q(h).
-3
Let g be (4/(-12))/(4 - 5). Let f(w) be the second derivative of w**2 - 1/20*w**5 - 2*w + 0*w**3 + g*w**4 + 0. Give f(3).
11
Let u(b) = -2*b - 1. Let h = 38 - 47. Let q = 1 - 8. Let g = h - q. What is u(g)?
3
Let d(p) = -3*p**2 - 1. Let r(v) = -v**3 - 13*v**2 - v - 12. Let m be r(-13). Give d(m).
-4
Let t(d) = -4*d**2 + 4*d. Let l(u) = u**2 - u. Let g(k) = 5*l(k) + t(k). Calculate g(-1).
2
Let u = 13 + -11. Let r = -7 + 10. Let p(q) = -5*q**3 + 2 + 6*q**r - q - 3 + 2*q**u. Give p(-3).
-7
Let d(y) = -2*y - 11. Let u = 80 + -89. Give d(u).
7
Let t(q) = q + 2. Suppose -c = -1 + 3. Calculate t(c).
0
Let c(j) be the third derivative of j**6/120 + 9*j**2. Calculate c(-2).
-8
Let a(b) = -91*b - 7 + b**2 + 84*b - 2*b**2. What is a(-7)?
-7
Let y(o) = o**3 + 17 + 5*o**2 - 44 - 2*o + 20. Determine y(-5).
3
Let b = 4 - -11. Let o(r) = -1 + 1 - b*r + 16*r. Determine o(5).
5
Let b be (-2)/(-3)*((-66)/(-12) - 7). Let k(w) = -3*w + 2*w + 2*w. What is k(b)?
-1
Suppose 0 = -5*w + 3 - 18. Let q(k) = -3*k**2 - 5*k - 3. Determine q(w).
-15
Let k(n) = 2*n**3 + 4*n**2 + 3*n + 1. Let d = 0 - -1. Let p be 1 + 1 - (1 + d). Suppose -4*t + 2*v + 1 - 13 = p, 0 = t + 3*v - 4. Give k(t).
-5
Let o(z) = -10 - 10*z + 6 - 12. Let s(i) = 7*i + 11. Let g(j) = -5*o(j) - 7*s(j). Give g(-6).
-3
Let z(g) = -g**2 - g - 1. Let w(k) = 8*k**2 + 9*k + 9. Let t(i) = 2*w(i) + 18*z(i). Suppose -5*r = -0*r. Let l = -2 - r. What is t(l)?
-8
Suppose 0 = -5*z - 2*g - 68, 5*z + 6*g - 2*g = -76. Let y be ((-2)/(-6))/((-4)/z). Let m(q) = -11*q**2 + q - 1. Give m(y).
-11
Let f be -1 - (1 + (-4)/1). Let s(w) = -w - 1 - 3*w + f*w + w. Determine s(4).
-5
Let y(s) = -9 - 4*s + 2*s**2 + 8*s + 7 - s**2. Calculate y(-4).
-2
Let m(a) = -8 + 13*a - a - 10*a. Calculate m(-6).
-20
Suppose -5 = 3*q - 4*g, 5*q + 2*g = g + 7. Let r(s) = 155*s**2 + 45*s. Let u(j) = 7*j**2 + 2*j. Let i(p) = 2*r(p) - 45*u(p). Determine i(q).
-5
Let o(n) be the first derivative of 1 + 1/20*n**5 - 1/6*n**3 + 0*n**4 - 2*n - n**2. Let w(y) be the first derivative of o(y). Give w(0).
-2
Let c(z) = -z - 1. Suppose -3*r - 2 = -4*r. Suppose -5 - 7 = r*k. Calculate c(k).
5
Let r(w) be the third derivative of w**5/30 - w**4/12 + w**3/6 - 5*w**2. Give r(3).
13
Suppose -10*p + 12*p - 8 = 0. Let b(t) = t**3 - 10*t**2 + 4*t - 1. Let o(d) = -d**2. Let j(v) = -b(v) + 5*o(v). Calculate j(p).
1
Let g(n) be the first derivative of n**3/3 - n**2/2 - n - 14. Give g(0).
-1
Let i(q) be the first derivative of -3*q**2/2 - 3*q + 28. Calculate i(3).
-12
Let d(n) = 5*n + 13. Let y(q) = 2*q + 1. Let w(c) = d(c) - 2*y(c). Determine w(-8).
3
Let d = -25 - -29. Let f(v) = v**3 - 3*v**2 - 6*v + 1. Calculate f(d).
-7
Let h(j) = 2*j**2 + 5*j. Let a(s) = 5*s**2 + 11*s. Let g(l) = -4*a(l) + 9*h(l). What is g(-1)?
-3
Let u(s) = s - 2. Let r = 4 + -5. Let c be (r/1 + 10)/1. Let y = c - 7. Calculate u(y).
0
Let x(o) = -o**3 + o**2 + o + 4. Let p be x(0). Let j be (-6)/p*(-10)/3. Let m(r) = r - 5. What is m(j)?
0
Let j(b) = b**2 + b + 4. Let k(w) = -w**2 + 4*w - 2. Let p be k(3). Let t = p - 0. Let d = 1 - t. Give j(d).
4
Let a(s) be the third derivative of s**6/120 - s**5/20 - s**4/8 - 5*s**3/6 + 9*s**2. Calculate a(4).
-1
Let f = 22 + -13. Let c = -5 + f. Let p(t) = 3*t. Calculate p(c).
12
Suppose -8*l = -4*l + 8. Let i(p) = -16*p + 6. Let f(o) = 5*o - 2. Let c(v) = l*i(v) - 7*f(v). Determine c(-3).
11
Let f(m) = 12 + 0 - 7 - m. What is f(0)?
5
Let h(q) = q**3. Let u(j) = 5*j**3 + 5*j**2 - 3*j - 3. Let r(g) = -4*h(g) + u(g). Calculate r(-6).
-21
Let l(n) be the second derivative of n**4/12 - 5*n**3/6 + 3*n**2/2 - n. Let h = 19 + -15. Give l(h).
-1
Let g(f) be the first derivative of -f**4/4 + 8*f**3/3 - 7*f**2/2 + 7*f - 4. Calculate g(7).
7
Let j(d) = -d**3 - 7*d**2 + 7*d - 5. Suppose 56 - 24 = -4*z. Determine j(z).
3
Let q = -4 - -4. Suppose 4*l = -4*s - q*l + 40, -20 = -5*l. Suppose -2*i = 5*d + 2*i - s, 3*d - 4*i + 22 = 0. Let y(p) = -p**2 + 3*p + 3. What is y(d)?
-7
Let f(a) = 2*a + 7. Let w = -19 - -27. Suppose w = x + x. Suppose 0 = y + y + x*g + 18, 0 = -3*y - 2*g - 19. Calculate f(y).
-3
Let m(o) = 4*o**3 + o**2. Let n be m(-1). Let v(p) = -3*p - 2. Let r(q) = 2*q + 1. Let j(s) = -4*r(s) - 3*v(s). Calculate j(n).
-1
Suppose 2 = -3*d + n - 3, -4*n = -2*d - 10. Let g(h) = -8*h**2 - h - 1. Determine g(d).
-8
Let j = -8 - -10. Let a(k) = 2*k**3 - 2*k**2 - k - 1. Calculate a(j).
5
Let p(j) be the second derivative of -j**5/20 + j**4/12 + j**3/3 - j**2/2 - 6*j. What is p(2)?
-1
Let w(d) = 9*d**2 + 2*d + 1. Suppose -h + 4*h - q = -2, 0 = 2*h - 3*q - 1. Determine w(h).
8
Let m(j) be the first derivative of -j**7/840 - j**6/72 - j**5/120 + j**4/24 + 2*j**3/3 - 1. Let b(o) be the third derivative of m(o). What is b(-5)?
6
Let r(f) = 4*f**2 - f - 1. Let o be (-3)/(5/((-25)/3)). Suppose o*d + 12 = -3. Let y be -2 + (-12)/(-3) + d. What is r(y)?
4
Let b(h) = -h**3 + 4*h**2 + 4*h + 5. Let q be b(5). Suppose -4*x - 4*g = 6 + 14, -x - 4*g - 20 = q. Let d be x - 3/(3 + -4). Let n(r) = r + 1. Calculate n(d).
4
Let t(w) = -w**3 + 4*w**2 + w - 1. Suppose 3*v + 0*v = 6. Let u be (v + 4)/((-3)/(-2)). What is t(u)?
3
Suppose -h - 10 = 2*v, 7*h - 4*h = 3*v + 6. Let g(u) = u**2 + 6*u + 0*u**2 - u + 0*u**2. Determine g(v).
-4
Let y(u) = 2*u - 2. Suppose k + 4*z - 17 = -z, k + 1 = z. Calculate y(k).
2
Let a be ((-5)/60*4)/(1/12). Let r(s) = -1 + 2 + 3*s + s**2 + 4. Give r(a).
9
Let p(m) = m**2 + 3. Let t(u) = -3*u**2 - 8. Let r(z) = -8*p(z) - 3*t(z). Let q(x) = -x**3 - x**2 + 1. Let w(l) = q(l) + 5*r(l). Let n = 5 + -2. Determine w(n).
10
Let j(x) = x - 5*x + x**3 - x - 4*x**2 - 3. Let r(d) = -d**3 + 3*d**2 + d + 2. Let w = 12 + -9. Let g be r(w). Determine j(g).
-3
Let s(a) = 2*a**2 + 12*a - 3. Let z(v) = -v**2 - 10*v + 3. Let m(x) = -2*s(x) - 3*z(x). What is m(6)?
-3
Let s(j) = 4*j - 2. Suppose -2*b = -6*b + 12. Suppose -5 = -4*i - 3*p, i = -2*i + b*p + 9. Let f be i/(-6)*(10 + -4). Calculate s(f).
-10
Let g(j) = 6*j**3 + 21*j**2 + 31*j - 10. Let u(a) = a**3 + 4*a**2 + 6*a - 2. Let i(h) = 2*g(h) - 11*u(h). Calculate i(3).
-1
Let h(n) = -5*n**3 - 3*n - 1. Let k(q) = -9*q**3 - q**2 - 5*q - 1. Let t(p) = -5*h(p) + 3*k